{"id":62,"date":"2020-12-21T09:25:35","date_gmt":"2020-12-21T09:25:35","guid":{"rendered":"http:\/\/asc-ronneburg.de\/?page_id=62"},"modified":"2021-02-23T16:38:43","modified_gmt":"2021-02-23T16:38:43","slug":"tanzen","status":"publish","type":"page","link":"https:\/\/asc-ronneburg.de\/?page_id=62","title":{"rendered":"Tanzen"},"content":{"rendered":"\n<p>Es sieht gut aus, macht fit und bringt Spa\u00df: Tanzen gibt es seit jeher in allen Kulturen. Dabei ist das Zappeln zur Musik viel mehr als ein fr\u00f6hlicher Zeitvertreib. <\/p>\n\n\n\n<p>Tanzen hat in der Gesellschaft viele Funktionen, kann aber auch Selbstzweck oder Zeitvertreib sein. <\/p>\n\n\n\n<p>Tanzen als Sport f\u00f6rdert Muskelaufbau, Motorik, Koordination und Gleichgewichtssinn. Das erfolgreiche Erlernen, Planen und Umsetzen komplexer Bewegungsabl\u00e4ufe bildet Selbstvertrauen und unterst\u00fctzt ein gesundes Verh\u00e4ltnis zum eigenen K\u00f6rper. <\/p>\n\n\n\n<p>Als Kunstform dient Tanzen dazu, Gef\u00fchle und Handlungen bildlich darzustellen. Mimik, Gestik und ganzk\u00f6rperliche Tanzbewegungen bilden zusammen mit Musik das anspruchsvolle Arbeitsmaterial desk\u00fcnstlerischen Tanzes, der dem Zuschauer Eleganz und Ausdruckskraft des menschlichen K\u00f6rpers vor Augen f\u00fchrt.<\/p>\n\n\n\n<hr class=\"wp-block-separator\"\/>\n\n\n\n<p> Ansprechpartner: Doreen Zacharias<\/p>\n\n\n\n<p>Email: <a href=\"mailto:tanzen@asc-ronneburg.de\">tanzen@asc-ronneburg.de<\/a><\/p>\n","protected":false},"excerpt":{"rendered":"<p>Es sieht gut aus, macht fit und bringt Spa\u00df: Tanzen gibt es seit jeher in allen Kulturen. Dabei ist das Zappeln zur Musik viel mehr als ein fr\u00f6hlicher Zeitvertreib. Tanzen hat in der Gesellschaft viele Funktionen, kann aber auch Selbstzweck oder Zeitvertreib sein. Tanzen als Sport f\u00f6rdert Muskelaufbau, Motorik, Koordination und Gleichgewichtssinn. Das erfolgreiche Erlernen, &hellip; <a href=\"https:\/\/asc-ronneburg.de\/?page_id=62\" class=\"more-link\"><span class=\"screen-reader-text\">\u201eTanzen\u201c<\/span> weiterlesen<\/a><\/p>\n","protected":false},"author":2,"featured_media":267,"parent":0,"menu_order":0,"comment_status":"closed","ping_status":"closed","template":"","meta":{"footnotes":""},"class_list":["post-62","page","type-page","status-publish","has-post-thumbnail","hentry"],"_links":{"self":[{"href":"https:\/\/asc-ronneburg.de\/index.php?rest_route=\/wp\/v2\/pages\/62","targetHints":{"allow":["GET"]}}],"collection":[{"href":"https:\/\/asc-ronneburg.de\/index.php?rest_route=\/wp\/v2\/pages"}],"about":[{"href":"https:\/\/asc-ronneburg.de\/index.php?rest_route=\/wp\/v2\/types\/page"}],"author":[{"embeddable":true,"href":"https:\/\/asc-ronneburg.de\/index.php?rest_route=\/wp\/v2\/users\/2"}],"replies":[{"embeddable":true,"href":"https:\/\/asc-ronneburg.de\/index.php?rest_route=%2Fwp%2Fv2%2Fcomments&post=62"}],"version-history":[{"count":4,"href":"https:\/\/asc-ronneburg.de\/index.php?rest_route=\/wp\/v2\/pages\/62\/revisions"}],"predecessor-version":[{"id":151,"href":"https:\/\/asc-ronneburg.de\/index.php?rest_route=\/wp\/v2\/pages\/62\/revisions\/151"}],"wp:featuredmedia":[{"embeddable":true,"href":"https:\/\/asc-ronneburg.de\/index.php?rest_route=\/wp\/v2\/media\/267"}],"wp:attachment":[{"href":"https:\/\/asc-ronneburg.de\/index.php?rest_route=%2Fwp%2Fv2%2Fmedia&parent=62"}],"curies":[{"name":"wp","href":"https:\/\/api.w.org\/{rel}","templated":true}]}}